{"id":21,"date":"2022-06-30T18:37:13","date_gmt":"2022-06-30T16:37:13","guid":{"rendered":"https:\/\/joseph-em.gmcrd.fr\/?page_id=21"},"modified":"2024-07-26T17:54:46","modified_gmt":"2024-07-26T15:54:46","slug":"a-propos-de","status":"publish","type":"page","link":"https:\/\/joseph-em.fr\/index.php\/a-propos-de\/","title":{"rendered":"\u00c0 propos"},"content":{"rendered":"\n<p>Je suis enseignant de math\u00e9matiques en classe pr\u00e9paratoire, dans la PSI du lyc\u00e9e Jean Jaur\u00e8s d&rsquo;Argenteuil.<\/p>\n\n\n\n<p>J&rsquo;ai effectu\u00e9 une th\u00e8se de doctorat de 2018 \u00e0 2021, au laboratoire math\u00e9matiques d&rsquo;Orsay (Universit\u00e9 Paris-Saclay), sous la direction de St\u00e9phane Fischler. Cette th\u00e8se s&rsquo;inscrit dans le domaine de l&rsquo;approximation diophantienne et est disponible ci-dessous.<\/p>\n\n\n\n<div data-wp-interactive=\"core\/file\" class=\"wp-block-file\"><object data-wp-bind--hidden=\"!state.hasPdfPreview\" hidden class=\"wp-block-file__embed\" data=\"https:\/\/joseph-em.gmcrd.fr\/wp-content\/uploads\/2022\/07\/these_ElioJoseph.pdf\" type=\"application\/pdf\" style=\"width:100%;height:600px\" aria-label=\"Contenu embarqu\u00e9 Approximation rationnelle de sous-espaces vectoriels.\"><\/object><a id=\"wp-block-file--media-046cff4a-bb61-4951-b242-550eabe60bd9\" href=\"https:\/\/joseph-em.gmcrd.fr\/wp-content\/uploads\/2022\/07\/these_ElioJoseph.pdf\">Approximation rationnelle de sous-espaces vectoriels<\/a><a href=\"https:\/\/joseph-em.gmcrd.fr\/wp-content\/uploads\/2022\/07\/these_ElioJoseph.pdf\" class=\"wp-block-file__button wp-element-button\" download aria-describedby=\"wp-block-file--media-046cff4a-bb61-4951-b242-550eabe60bd9\">T\u00e9l\u00e9charger<\/a><\/div>\n\n\n\n<p>Ci-dessous, deux articles de recherche dont le contenu est tir\u00e9 de cette th\u00e8se. Le premier est publi\u00e9 dans le <em>Moscow Journal of Combinatorics and Number Theory<\/em>, le second est publi\u00e9 dans le <em>Journal de Th\u00e9orie des Nombres de Bordeaux<\/em>.<\/p>\n\n\n\n<div data-wp-interactive=\"core\/file\" class=\"wp-block-file\"><object data-wp-bind--hidden=\"!state.hasPdfPreview\" hidden class=\"wp-block-file__embed\" data=\"https:\/\/joseph-em.gmcrd.fr\/wp-content\/uploads\/2022\/07\/article_Moscou_EJ.pdf\" type=\"application\/pdf\" style=\"width:100%;height:600px\" aria-label=\"Contenu embarqu\u00e9 On the approximation exponents for subspaces of R^n.\"><\/object><a id=\"wp-block-file--media-0da221b6-32d5-4dd3-a5bb-d3c578049de1\" href=\"https:\/\/joseph-em.gmcrd.fr\/wp-content\/uploads\/2022\/07\/article_Moscou_EJ.pdf\">On the approximation exponents for subspaces of R^n<\/a><a href=\"https:\/\/joseph-em.gmcrd.fr\/wp-content\/uploads\/2022\/07\/article_Moscou_EJ.pdf\" class=\"wp-block-file__button wp-element-button\" download aria-describedby=\"wp-block-file--media-0da221b6-32d5-4dd3-a5bb-d3c578049de1\">T\u00e9l\u00e9charger<\/a><\/div>\n\n\n\n<div data-wp-interactive=\"core\/file\" class=\"wp-block-file\"><object data-wp-bind--hidden=\"!state.hasPdfPreview\" hidden class=\"wp-block-file__embed\" data=\"https:\/\/joseph-em.fr\/wp-content\/uploads\/2023\/02\/JTNB_2022__34_3_827_0.pdf\" type=\"application\/pdf\" style=\"width:100%;height:600px\" aria-label=\"Contenu embarqu\u00e9 Upper bounds and spectrum for approximation exponents for subspaces of R^n.\"><\/object><a id=\"wp-block-file--media-c01d3fab-658b-41e2-8287-6acd7fa9f6f7\" href=\"https:\/\/joseph-em.fr\/wp-content\/uploads\/2023\/02\/JTNB_2022__34_3_827_0.pdf\">Upper bounds and spectrum for approximation exponents for subspaces of R^n<\/a><a href=\"https:\/\/joseph-em.fr\/wp-content\/uploads\/2023\/02\/JTNB_2022__34_3_827_0.pdf\" class=\"wp-block-file__button wp-element-button\" download aria-describedby=\"wp-block-file--media-c01d3fab-658b-41e2-8287-6acd7fa9f6f7\">T\u00e9l\u00e9charger<\/a><\/div>\n\n\n\n<p>Enfin, pour finir, deux livres qui pourraient vous int\u00e9resser.<\/p>\n\n\n\n<div class=\"wp-block-buttons is-layout-flex wp-block-buttons-is-layout-flex\">\n<div class=\"wp-block-button\"><a class=\"wp-block-button__link wp-element-button\" href=\"https:\/\/www.thebookedition.com\/fr\/la-grange-mathematique-p-348479.html\" target=\"_blank\" rel=\"noreferrer noopener\">La grange math\u00e9matique<\/a><\/div>\n\n\n\n<div class=\"wp-block-button\"><a class=\"wp-block-button__link wp-element-button\" href=\"https:\/\/www.thebookedition.com\/fr\/le-livre-de-l-agregation-p-352775.html\" target=\"_blank\" rel=\"noreferrer noopener\">Le livre de l&rsquo;Agr\u00e9gation<\/a><\/div>\n<\/div>\n\n\n\n<p>Pour revenir tout en haut de la page :<\/p>\n\n\n\n<div class=\"wp-block-buttons is-horizontal is-content-justification-center is-layout-flex wp-container-core-buttons-is-layout-03627597 wp-block-buttons-is-layout-flex\">\n<div class=\"wp-block-button has-custom-width wp-block-button__width-25 is-style-outline is-style-outline--1\"><a class=\"wp-block-button__link has-gray-color has-blue-background-color has-text-color has-background wp-element-button\" href=\"https:\/\/joseph-em.fr\/index.php\/a-propos-de\/\">Up<\/a><\/div>\n<\/div>\n","protected":false},"excerpt":{"rendered":"<p>Je suis enseignant de math\u00e9matiques en classe pr\u00e9paratoire, dans la PSI du lyc\u00e9e Jean Jaur\u00e8s d&rsquo;Argenteuil. J&rsquo;ai effectu\u00e9 une th\u00e8se de doctorat de 2018 \u00e0 2021, au laboratoire math\u00e9matiques d&rsquo;Orsay (Universit\u00e9 Paris-Saclay), sous la direction de St\u00e9phane Fischler. Cette th\u00e8se s&rsquo;inscrit dans le domaine de l&rsquo;approximation diophantienne et est disponible ci-dessous. Ci-dessous, deux articles de [&hellip;]<\/p>\n","protected":false},"author":1,"featured_media":0,"parent":0,"menu_order":0,"comment_status":"closed","ping_status":"closed","template":"","meta":{"footnotes":""},"class_list":["post-21","page","type-page","status-publish","hentry"],"_links":{"self":[{"href":"https:\/\/joseph-em.fr\/index.php\/wp-json\/wp\/v2\/pages\/21","targetHints":{"allow":["GET"]}}],"collection":[{"href":"https:\/\/joseph-em.fr\/index.php\/wp-json\/wp\/v2\/pages"}],"about":[{"href":"https:\/\/joseph-em.fr\/index.php\/wp-json\/wp\/v2\/types\/page"}],"author":[{"embeddable":true,"href":"https:\/\/joseph-em.fr\/index.php\/wp-json\/wp\/v2\/users\/1"}],"replies":[{"embeddable":true,"href":"https:\/\/joseph-em.fr\/index.php\/wp-json\/wp\/v2\/comments?post=21"}],"version-history":[{"count":20,"href":"https:\/\/joseph-em.fr\/index.php\/wp-json\/wp\/v2\/pages\/21\/revisions"}],"predecessor-version":[{"id":1214,"href":"https:\/\/joseph-em.fr\/index.php\/wp-json\/wp\/v2\/pages\/21\/revisions\/1214"}],"wp:attachment":[{"href":"https:\/\/joseph-em.fr\/index.php\/wp-json\/wp\/v2\/media?parent=21"}],"curies":[{"name":"wp","href":"https:\/\/api.w.org\/{rel}","templated":true}]}}

À propos

<p>Je suis enseignant de mathématiques en classe préparatoire, dans la PSI du lycée Jean Jaurès d&rsquo;Argenteuil.</p>



<p>J&rsquo;ai effectué une thèse de doctorat de 2018 à 2021, au laboratoire mathématiques d&rsquo;Orsay (Université Paris-Saclay), sous la direction de Stéphane Fischler. Cette thèse s&rsquo;inscrit dans le domaine de l&rsquo;approximation diophantienne et est disponible ci-dessous.</p>



<div data-wp-interactive="core/file" class="wp-block-file"><object data-wp-bind--hidden="!state.hasPdfPreview" hidden class="wp-block-file__embed" data="https://joseph-em.gmcrd.fr/wp-content/uploads/2022/07/these_ElioJoseph.pdf" type="application/pdf" style="width:100%;height:600px" aria-label="Contenu embarqué Approximation rationnelle de sous-espaces vectoriels."></object><a id="wp-block-file--media-046cff4a-bb61-4951-b242-550eabe60bd9" href="https://joseph-em.gmcrd.fr/wp-content/uploads/2022/07/these_ElioJoseph.pdf">Approximation rationnelle de sous-espaces vectoriels</a><a href="https://joseph-em.gmcrd.fr/wp-content/uploads/2022/07/these_ElioJoseph.pdf" class="wp-block-file__button wp-element-button" download aria-describedby="wp-block-file--media-046cff4a-bb61-4951-b242-550eabe60bd9">Télécharger</a></div>



<p>Ci-dessous, deux articles de recherche dont le contenu est tiré de cette thèse. Le premier est publié dans le <em>Moscow Journal of Combinatorics and Number Theory</em>, le second est publié dans le <em>Journal de Théorie des Nombres de Bordeaux</em>.</p>



<div data-wp-interactive="core/file" class="wp-block-file"><object data-wp-bind--hidden="!state.hasPdfPreview" hidden class="wp-block-file__embed" data="https://joseph-em.gmcrd.fr/wp-content/uploads/2022/07/article_Moscou_EJ.pdf" type="application/pdf" style="width:100%;height:600px" aria-label="Contenu embarqué On the approximation exponents for subspaces of R^n."></object><a id="wp-block-file--media-0da221b6-32d5-4dd3-a5bb-d3c578049de1" href="https://joseph-em.gmcrd.fr/wp-content/uploads/2022/07/article_Moscou_EJ.pdf">On the approximation exponents for subspaces of R^n</a><a href="https://joseph-em.gmcrd.fr/wp-content/uploads/2022/07/article_Moscou_EJ.pdf" class="wp-block-file__button wp-element-button" download aria-describedby="wp-block-file--media-0da221b6-32d5-4dd3-a5bb-d3c578049de1">Télécharger</a></div>



<div data-wp-interactive="core/file" class="wp-block-file"><object data-wp-bind--hidden="!state.hasPdfPreview" hidden class="wp-block-file__embed" data="https://joseph-em.fr/wp-content/uploads/2023/02/JTNB_2022__34_3_827_0.pdf" type="application/pdf" style="width:100%;height:600px" aria-label="Contenu embarqué Upper bounds and spectrum for approximation exponents for subspaces of R^n."></object><a id="wp-block-file--media-c01d3fab-658b-41e2-8287-6acd7fa9f6f7" href="https://joseph-em.fr/wp-content/uploads/2023/02/JTNB_2022__34_3_827_0.pdf">Upper bounds and spectrum for approximation exponents for subspaces of R^n</a><a href="https://joseph-em.fr/wp-content/uploads/2023/02/JTNB_2022__34_3_827_0.pdf" class="wp-block-file__button wp-element-button" download aria-describedby="wp-block-file--media-c01d3fab-658b-41e2-8287-6acd7fa9f6f7">Télécharger</a></div>



<p>Enfin, pour finir, deux livres qui pourraient vous intéresser.</p>



<div class="wp-block-buttons is-layout-flex wp-block-buttons-is-layout-flex">
<div class="wp-block-button"><a class="wp-block-button__link wp-element-button" href="https://www.thebookedition.com/fr/la-grange-mathematique-p-348479.html" target="_blank" rel="noreferrer noopener">La grange mathématique</a></div>



<div class="wp-block-button"><a class="wp-block-button__link wp-element-button" href="https://www.thebookedition.com/fr/le-livre-de-l-agregation-p-352775.html" target="_blank" rel="noreferrer noopener">Le livre de l&rsquo;Agrégation</a></div>
</div>



<p>Pour revenir tout en haut de la page :</p>



<div class="wp-block-buttons is-horizontal is-content-justification-center is-layout-flex wp-container-core-buttons-is-layout-03627597 wp-block-buttons-is-layout-flex">
<div class="wp-block-button has-custom-width wp-block-button__width-25 is-style-outline is-style-outline--1"><a class="wp-block-button__link has-gray-color has-blue-background-color has-text-color has-background wp-element-button" href="https://joseph-em.fr/index.php/a-propos-de/">Up</a></div>
</div>

<p>Je suis enseignant de mathématiques en classe préparatoire, dans la PSI du lycée Jean Jaurès d&rsquo;Argenteuil. J&rsquo;ai effectué une thèse de doctorat de 2018 à 2021, au laboratoire mathématiques d&rsquo;Orsay (Université Paris-Saclay), sous la direction de Stéphane Fischler. Cette thèse s&rsquo;inscrit dans le domaine de l&rsquo;approximation diophantienne et est disponible ci-dessous. Ci-dessous, deux articles de [&hellip;]</p>
